he remainder when (-9)/21 - (-1416)/21 is divided by 17.
16
Let l(h) = -4*h + 7 - 14 + 2 - 9. Suppose 0 = 3*j + j - 44. Calculate the remainder when j is divided by l(-5).
5
Let f be (0 + 1)*20/(-4). Let l(c) = -3*c + 1. What is the remainder when 45 is divided by l(f)?
13
Suppose 3 = -j + 5. Let q = 35 - 19. Calculate the remainder when q is divided by 9 + 0*j/4.
7
Suppose 74 = p + 53. What is the remainder when p is divided by 12?
9
Let c be 2/6 - (-16)/6. Suppose -g = -3*w - 3, 6*w = c*w + 9. Suppose -2*s + 41 = p + s, 0 = 4*p - 4*s - 132. What is the remainder when p is divided by g?
11
Let q = 24 + 26. Calculate the remainder when q is divided by 13.
11
Calculate the remainder when ((-2506)/14)/(2 - 3) is divided by 13.
10
Let r(q) = -q**3 - 13*q**2 - 14*q - 1 + 3 + 0*q**3. Calculate the remainder when r(-12) is divided by 7.
5
Let d = -95 + 127. Calculate the remainder when 61 is divided by d.
29
Let x = -4 + 6. Suppose 4*b = 3*y + 65, -x*b - b + 4*y + 40 = 0. What is the remainder when b is divided by 11?
9
Suppose -37*d - 20 = -42*d. What is the remainder when 4 is divided by d?
0
Let h = 3 + 0. Suppose y + 24 = 5*n, h*n + y = 22 - 6. Calculate the remainder when 17 is divided by n.
2
Suppose 9 = -5*f - 1. Suppose -5*c - 21 = 3*t, 0*c + c + 1 = t. Calculate the remainder when f - 3/(c/5) is divided by 2.
1
Suppose -1 - 11 = -q. Let o = -514 - -547. What is the remainder when o is divided by q?
9
Let x(i) = 4*i**2 + 7*i + 1. Calculate the remainder when 47 is divided by x(-3).
15
Let s = -108 + 158. Let u(d) = d**2 + d + 1. What is the remainder when s is divided by u(-4)?
11
Let p = 30 + -15. Calculate the remainder when (6/((-18)/1))/(2/(-258)) is divided by p.
13
Suppose 5*s - 29 = -w, 5*s = -5*w - 59 + 184. Calculate the remainder when w is divided by 13.
11
Let v(i) = -i + 7. Let z be v(5). Suppose -16 = -z*y - 2. Calculate the remainder when 20 is divided by y.
6
Suppose 2*z + 3 = 31. Calculate the remainder when z is divided by 8.
6
Suppose 2*x + 360 = 5*x. Let j = -76 + x. Suppose -4*q = -2*q - 5*o - 31, -3*q + j = -5*o. Calculate the remainder when 24 is divided by q.
11
Let l(g) = 2*g - 3. Suppose 11 = 3*m + 2*t, -3*m + 1 = -5*t - 3. Suppose r - v = 6*r - 41, 21 = m*r - 3*v. What is the remainder when r is divided by l(4)?
3
Let x be (-16)/(-10)*15/(-3). Let p be (-3)/12 - (-22)/x. Let w = p + 13. Calculate the remainder when 18 is divided by w.
8
Let z = 25 - 26. What is the remainder when -1 - (1 + -36 - z) is divided by (-2)/(-4) + 70/4?
15
Suppose -2*j - 3*s + 20 = 0, -4*j + 5*s - 3 = -5*j. What is the remainder when 502/22 - 6/(-33) is divided by j?
10
Let g be (-2 + -3)/(-2 - -1). Suppose -g*q + 200 = -0*q. Suppose 3*k - q = -2*a, -k + a + a + 24 = 0. What is the remainder when k is divided by 9?
7
What is the remainder when 26/4 + (-2)/(-4) is divided by (-2)/(((-69)/(-15) - 1) + -4)?
2
Suppose 0 = 2*b - 4*w - 26, 0*w - 43 = -4*b + 5*w. Suppose y - 15 = -4*y. Let u = y - 0. Calculate the remainder when b is divided by u.
1
Let a be -1 + (26 - 1) + 2. Suppose 2*u - a = -8. Calculate the remainder when 17 is divided by u.
8
Let r = 41 + -19. Let y = r - 4. Let q(p) = -p**2 + 5*p + 7. What is the remainder when y is divided by q(0)?
4
What is the remainder when 41 is divided by (-45)/10*-1*10/3?
11
Suppose 0 = -5*t + b - 4*b + 32, 4*t - 30 = 2*b. What is the remainder when 11 is divided by t?
4
Suppose 7*a - 6*a = 25. Calculate the remainder when a is divided by 7.
4
Suppose -r + 5 = 0, 4*v - r = -v + 110. Suppose 5*d - 32 = d. Calculate the remainder when v is divided by d.
7
Suppose -5*m = -211 + 51. Let x = m + 3. Calculate the remainder when x is divided by 48/4 - (1 + -1).
11
Let k = 139 - -1. Suppose 5*o = 5*j + k, 0 = 6*o - 3*o - 5*j - 90. Calculate the remainder when o is divided by -1 + 2 - -8 - 2.
4
Let h(k) = k**3 - 8*k**2 + k - 10. Let t be h(8). Let l(j) = -j**2 + 14. What is the remainder when t/3 + (-375)/(-9) is divided by l(0)?
13
Let l(r) = -r**3 - 3*r**2 + 2*r - 2. Calculate the remainder when l(-5) is divided by (-1*2)/((-4)/26).
12
Let d be (-2)/6*(-13 + 4). Let w(o) = 0*o + 0 - d - 3 - 2*o. What is the remainder when 2 is divided by w(-4)?
0
Let q(c) = c**2 + 5*c + 3. What is the remainder when 66 is divided by q(-7)?
15
Let l(x) = 0*x + x - 9 + 9 + 12. What is the remainder when l(-6) is divided by 2?
0
Suppose 0 = -5*l + 15 + 10. Suppose -5*g - 2*k = -84, -l*k + 0 = -10. Calculate the remainder when 47 is divided by g.
15
Calculate the remainder when 1*(110/5 + 2) is divided by 7.
3
Suppose 2*a = -3*d + 8 - 2, -3*a - 3*d + 15 = 0. Suppose -4*c - 39 - a = -5*u, 3*c = -2*u + 10. What is the remainder when 29 is divided by u?
5
Let x(r) = -2*r. Let o be 21/4 + (-2)/8. Let t = o - -1. What is the remainder when x(-5) is divided by t?
4
Let w(r) = r. Let i be w(0). Suppose 3*x - 5*u - 46 = 28, i = x + 2*u - 10. What is the remainder when 33 is divided by x?
15
Let t(h) = 4*h**2 + h - 1. Calculate the remainder when 36 is divided by t(-2).
10
Suppose 0*t - 2*t = -5*f + 242, -2*t + 190 = 4*f. What is the remainder when 8 is divided by f/10 - (-5)/25?
3
What is the remainder when (14/(-10))/(1/(-15)) is divided by 8?
5
Let a = -51 - -91. Calculate the remainder when a is divided by 21.
19
Let b = -40 - -58. Suppose v + b = 2*v. Calculate the remainder when 34 is divided by v.
16
Let v = -12 - -53. What is the remainder when v is divided by 21?
20
Let g = 5 + -8. What is the remainder when 24 is divided by (-78)/18*g*1?
11
Suppose -3*u = 0, -5*k + 1 = u - 9. Suppose k*a + 108 = 4*a. Suppose a = 2*c + c. Calculate the remainder when 34 is divided by c.
16
Suppose -2*r + 70 = -2*z, -5*z = -r + 3*r - 35. What is the remainder when r is divided by 17?
13
Let b(x) = x. Let n be b(3). Suppose f + 71 + 29 = 3*w, n*w = -f + 104. What is the remainder when w is divided by ((-2)/5)/((-2)/60)?
10
Let x = -10 + 9. Let l = x - -4. What is the remainder when (-3)/(-4)*(21 + l) is divided by 10?
8
Suppose -39 - 9 = -4*h. Let x = 58 - 86. Let l = -7 - x. Calculate the remainder when l is divided by h.
9
Let y = 11 + -8. What is the remainder when y is divided by 2?
1
What is the remainder when 239 is divided by (18/8)/(1 + 77/(-80))?
59
Let p = -27 - -46. Suppose q = -2*q + 504. Suppose v + q = 4*v. What is the remainder when v is divided by p?
18
Suppose 65*z = 70*z - 100. What is the remainder when 35 is divided by z?
15
What is the remainder when 25 is divided by 4 + 3 + -4 - -11?
11
Let n be (1 - 2) + 0 + 1. Suppose n = 2*z - 4*c - 18, -3*z - 3*c = z - 91. Let d(k) = 5*k - 28. Calculate the remainder when z is divided by d(7).
5
Suppose 4*h + 4*i = 148, -h - i = 4*i - 53. Suppose -3*v - 34 = 2*l - 4*l, -5*v - 85 = -5*l. What is the remainder when h is divided by l?
16
What is the remainder when -2*-6*(-1 + (-39)/(-4)) is divided by 18?
15
Calculate the remainder when 6 is divided by (-15)/((-3)/1) + -3.
0
Suppose 104 = 6*u + 2*u. Calculate the remainder when 77 is divided by u.
12
Suppose 28 = 2*j - 4. Suppose 5*r - j = -2*o - 0*o, 0 = r + 4*o + 4. Calculate the remainder when 8 is divided by 0 - 1 - (-24)/r.
3
What is the remainder when 39 - (-5)/(-25)*5 is divided by 22?
16
Let h(a) = -5*a**3 - 1. Let j be h(-1). Suppose 0 = -p - 2, j*g - 3*g + 4*p = 24. What is the remainder when g is divided by 17*(2 - 3)*-1?
15
Let x be (2/(-5))/(3/30). Suppose a - 22 = 2*p, -3*a - 5*p = -8*a + 125. Calculate the remainder when a is divided by ((-10)/x)/((-3)/(-12)).
8
Suppose 4*k = 5 + 15. Suppose -155 + 0 = -k*s. What is the remainder when s is divided by 8?
7
Let n = 7 - 2. Calculate the remainder when 12 is divided by n.
2
Suppose 3*v - 113 = -8. Let c be v/11 + 4/(-22). Suppose -2*t + 5*i + 8 = 0, -7*i = -t - c*i - 2. Calculate the remainder when 41 is divided by t.
13
Suppose -10 = -i + v + 24, -4*i + 116 = v. What is the remainder when i is divided by 8?
6
Let p(y) = -y**2 - 6*y + 4. Calculate the remainder when (-2 - 2)/((-10)/25) is divided by p(-6).
2
Let m = 1 - -18. Calculate the remainder when 74 is divided by m.
17
Let x(b) = 3*b**2 - b. Calculate the remainder when x(3) is divided by (-174)/(-18) - 2/3.
6
Suppose q = 2*s + 1, 4*s - 16 = -4*q - 0*q. Calculate the remainder when (2 - s)/((-3)/(-183)) is divided by